ose 9*d - 65 + t = 0. Calculate the greatest common divisor of s and d.
7
Suppose 0 = 12*d - 1397 + 14357. Let u be ((-4)/(-5))/(-3*16/d). What is the greatest common divisor of u and 162?
18
Suppose -15 = 5*t - 80. Suppose t = -14*z + 55. What is the greatest common divisor of 69 and z?
3
Let r = 170 + -122. Suppose 5*f + 26*y - 664 = 25*y, -y + 4 = 0. What is the highest common divisor of f and r?
12
Let n = 605 - 435. Suppose 2*t = -15*t + n. Calculate the highest common factor of 10 and t.
10
Let d(u) = -3*u**3 - 18*u**2 - 55*u + 22. Let b be d(-6). What is the highest common factor of 96 and b?
32
Let l be (-1)/2 + 0 + 1164/(-8). Let u be (-1 - -1) + -1 - (-164 - l). Calculate the highest common factor of 119 and u.
17
Let o = -270 - -507. Suppose 3*h = o - 3. Let y be (-2090)/(-40) + 2/(-8). What is the highest common divisor of y and h?
26
Let q = 54 - 50. Let s(a) = a**3 - 2*a**2 - 10*a + 13. Let m be s(q). Suppose 3*n = -2 + m, -2*n + 30 = 2*l. Calculate the greatest common factor of 35 and l.
7
Let q be ((6 - -16) + -9)*-1. Let y(b) = -38*b + 2. Let s be y(q). Calculate the greatest common factor of s and 31.
31
Let k(v) = -20*v + 146. Let m be k(6). Suppose -30*n - 5*d = -m*n - 2788, -3*d - 3522 = -5*n. Calculate the highest common divisor of n and 9.
9
Let h = 74 - 42. Let k(p) = p**3 + 8*p**2 - 4*p - 14. Let z be k(-8). Suppose 0 = -z*x - 117 + 1269. Calculate the greatest common divisor of h and x.
32
Suppose 2*h + 10 = 4, -3*d - 5*h = -2487. Calculate the highest common divisor of d and 973.
139
Suppose -5*y + 3*c + 25 = 6, 0 = y + 3*c + 7. Let p(b) = -b**3 + 2*b**2 + 19*b + 14. Let g be p(-4). What is the greatest common factor of y and g?
2
Let n be (58/8 - (24 + -16))*-420. What is the highest common factor of n and 1134?
63
Let z = -90 + 250. Suppose -16*b = -12*b - z. Calculate the greatest common divisor of 10 and b.
10
Suppose 5*w - z + 33 = 0, -5*w - 39 = -6*z + 3*z. Let y be 2/w + (-913)/(-3). Suppose -3*i - 199 - 67 = -10*i. Calculate the greatest common divisor of i and y.
38
Suppose -3*p - p = 4. Let m(u) = 35*u**2 - 2*u - 1. Let l be m(p). What is the highest common factor of l and 9?
9
Let h be 51 + 0 + (-19)/(38/12). What is the highest common divisor of h and 5715?
45
Suppose -8 = -w - 1. Let s = -28 + 36. Suppose -9*f + s*f + 35 = 0. Calculate the highest common factor of f and w.
7
Let n = -425 + 449. Let z(k) = k**3 + 9*k**2 + 4*k - 3. Let i be z(-6). Let s = 141 - i. Calculate the greatest common divisor of n and s.
12
Let n = 235 - 203. What is the highest common factor of 1952 and n?
32
Suppose 0 = -y + 6*y + 4*p - 6435, -y - 4*p = -1287. Let u be 1 - (y/(-30) + (-3)/30). What is the highest common divisor of u and 121?
11
Let o be (2072/(-84) - -23)*147/(-5). What is the highest common factor of 2107 and o?
49
Suppose 602 - 503 = -67*w + 3047. Calculate the greatest common divisor of 121 and w.
11
Suppose 0 = 117*z - 127*z + 19190. What is the greatest common divisor of z and 404?
101
Let x = 43 - 21. Let i be 16 + -18 + 55 + 1. Let t be i + -2 + -8 + 11. What is the highest common divisor of x and t?
11
Suppose -1934*z = -1942*z + 352. Suppose -z + 6 = -5*s + 2*j, -4*s - 5*j + 37 = 0. Let b = -53 - -117. What is the highest common factor of b and s?
8
Suppose 2*p = -5*h + 2792, -2*p = -3*h + 1405 + 267. Let i = -266565 + 266627. What is the highest common divisor of i and h?
62
Let x be 6753/(-15) + (-16)/20. Let g = -445 - x. What is the highest common divisor of g and 4?
2
Suppose -2*b + 459 = k, 5*k - b - 2*b - 2269 = 0. Let w = k - 336. What is the highest common divisor of w and 34?
17
Suppose 2*i - 2*n = 20, -6*n - 22 = -2*i - 2*n. Let s(y) = -3*y + 30. Let w be s(i). Let d be (-7)/14*(-24)/2. What is the highest common factor of w and d?
3
Suppose 3*r + 176*r = 15931. Calculate the greatest common factor of r and 9523.
89
Let m be (0 - 1/3)/(-25 - (-153888)/6156). Calculate the greatest common divisor of 76 and m.
19
Suppose 22*c + 2*s = 18*c + 40, -5*s + 20 = 0. Suppose -3*i = -i - 32. Calculate the highest common divisor of c and i.
8
Let t(d) = 11*d**2 - 2*d. Let q be t(-2). Suppose 0 = -816*n + 2127 + 4401. What is the greatest common factor of q and n?
8
Let w = 264 + -262. Suppose -w*v + 3*r = v - 48, -4*r + 48 = 3*v. Calculate the greatest common divisor of v and 56.
8
Let y(s) = 582*s**2 - 502*s + 13. Let i be y(-3). What is the highest common divisor of 699 and i?
233
Let w be 9 - (-11 + -1 + 0). What is the highest common divisor of w and 581?
7
Let v = 1851 - 1846. Suppose 5*m - n + 3 = -4*n, 0 = 4*n + 4. Let t be (m + 3 - v) + 8. What is the highest common divisor of t and 15?
3
Let q = 7167 - 3106. Calculate the greatest common factor of q and 131.
131
Let u be (-9)/(9/(-25))*(1 + 0). Suppose u*l - 1356 = 1044. Calculate the greatest common factor of l and 24.
24
Let o = 1826 - 1526. What is the highest common factor of 48 and o?
12
Let r = 578 + -558. Suppose 19*t + 216 = r*t - 4*u, 0 = -u. Let k be 5*(72/(-15))/(-1). Calculate the greatest common divisor of t and k.
24
Let j be ((-416)/(-39) + (-50)/30)/((-2)/(-290)). Calculate the greatest common divisor of 1595 and j.
145
Let s(h) = -h**3 - 8*h**2 + 25*h - 70. Let y be s(-11). Calculate the greatest common divisor of y and 9144.
18
Let w be (-1 - -1)/(2 - (-6 - -5)). Suppose w = -2*s + 18*s - 608. What is the highest common divisor of s and 342?
38
Let i(d) = d**2 - 3. Let s be i(-3). Suppose 4*j + 2*c + 0 = -s, 4*j = -5*c - 3. Let r be ((-39)/j)/(6/8)*1. What is the highest common divisor of 208 and r?
26
Let o = 129 + -149. Suppose 0 = 3*j + 4*k - 3*k + 15, 0 = -2*k + 6. Let h be j/15 + (-428)/o. Calculate the highest common factor of h and 3.
3
Suppose 0 = -j - p + 2925 + 99, -2*j + 6048 = -p. Calculate the greatest common divisor of j and 3.
3
Suppose -394 - 70 = -29*f. What is the highest common divisor of 1008 and f?
16
Let t be 29/4 - (204/(-16) + 13). Suppose t + 121 = 4*u. Calculate the greatest common divisor of u and 160.
32
Suppose 3*f = 2*b - 199, -6*b = 3*f - 5*b + 211. Let j be (56/6)/((-46)/f). Let d be (-3 + 2)*-13 - (10 - j). What is the greatest common factor of d and 51?
17
Let d = -122 + -296. Let c = 464 + d. Calculate the greatest common divisor of 782 and c.
46
Suppose -5*w = -w - 1204. Let p(q) = q**2 - 218*q + 172. Let n be p(0). Calculate the highest common divisor of n and w.
43
Let z(k) = 102*k - 98. Let f(o) = 41*o - 40. Let v(l) = -12*f(l) + 5*z(l). Let g be v(7). Calculate the greatest common divisor of 203 and g.
29
Let w be 455/(-273) + (-202)/(-6) + (-2)/1. Calculate the highest common factor of 150 and w.
30
Let b(v) = v**2 + v. Let o(u) = u**3 + 24*u**2 + 8*u - 50. Let t(k) = 4*b(k) - o(k). Let j be t(-20). Calculate the greatest common factor of j and 26.
26
Let p(c) = -4*c**2 - 55*c - 11. Let d be p(-13). What is the greatest common divisor of d and 50?
2
Let o be (138810/4)/15 + 2/4. Calculate the highest common divisor of o and 26.
26
Let p be ((-1)/(-4))/((-25)/(-1700)). Suppose 10*d - p*d = -1792. What is the highest common factor of d and 64?
64
Let i(b) = b**3 - 5*b**2 - 6*b - 3. Let r be i(7). Let k = 58 - r. Let f(x) = 4*x + 18. Let z be f(k). What is the highest common factor of z and 19?
19
Suppose -v + 77 = -u, 0*v = -5*u - 2*v - 399. Let n = u - -71. Let q = 30 - n. What is the highest common factor of 152 and q?
38
Let t be (24/(-28))/(176/(-32648)). Calculate the highest common divisor of t and 2862.
159
Let k be (108/5)/(((-16)/(-168))/(45/63)). Calculate the greatest common divisor of 3996 and k.
54
Suppose -5*s + 9*s + 5*z = 65, -40 = -3*s - 5*z. Calculate the highest common factor of 185 and s.
5
Let h = 390 + 200. Suppose j = 2*y + h, 0*j = -3*j - y + 1763. Let i be j/(-210)*(5/(-2) - 0). What is the highest common factor of i and 7?
7
Suppose 21 = -2*w + 9*w. Suppose -w*s + 27 + 136 = -5*o, 5*s + 2*o = 251. What is the greatest common factor of 187 and s?
17
Let p = 7 + -3. Let c be 6*p/6 + 2. Let s be (4*58/4)/(4/c). Calculate the greatest common divisor of s and 29.
29
Suppose -3*r + 3*n + 9789 = 0, -5*n = r - n - 3283. What is the greatest common factor of r and 484?
121
Let n = 15309 + -15211. Calculate the greatest common divisor of n and 7742.
98
Suppose -828 + 1